{"id":30,"date":"2018-03-27T10:57:03","date_gmt":"2018-03-27T13:57:03","guid":{"rendered":"https:\/\/a3host.com.br\/teste\/?page_id=30"},"modified":"2023-06-09T18:08:44","modified_gmt":"2023-06-09T21:08:44","slug":"inicio","status":"publish","type":"page","link":"https:\/\/chaplintabacaria.com.br\/site\/","title":{"rendered":"In\u00edcio"},"content":{"rendered":"\n\n\t<style id=\"depicter-1-inline-pre-css\">\n\n.depicter-revert.depicter-1{\n\tbackground-color:#FFFFFF;\n}\n.depicter-1:not(.depicter-ready){\n\theight:300px;\n}\n\n\/***** Tablet *****\/\n@media screen and (max-width: 1024px){\n\n.depicter-1:not(.depicter-ready){\n\theight:700px;\n}\n\n}\n\/***** Mobile *****\/\n@media screen and (max-width: 767px){\n\n.depicter-1:not(.depicter-ready){\n\theight:740px;\n}\n\n}\n<\/style>\n<div id=\"depicter-1\" class=\"depicter depicter-document depicter-revert depicter-1 depicter-layout-fullwidth\">\n\n<div class=\"depicter-loading-container depicter-loading dotFlashing-dark\"><div class=\"depicter-loading-dark depicter-dot-flashing\">\n   <span><\/span>\n   <span><\/span>\n   <span><\/span>\n<\/div><\/div>\n<div id=\"depicter-1-section-1\" class=\"depicter-section depicter-1-section-1\" data-name=\"Slide 1\">\n<img src=\"data:image\/gif;base64,R0lGODlhAQABAIAAAAAAAP\/\/\/yH5BAEAAAAALAAAAAABAAEAAAIBRAA7\" class=\"depicter-bg\" data-depicter-src=\"https:\/\/chaplintabacaria.com.br\/site\/wp-content\/uploads\/2018\/03\/unnamed-file.jpg\" alt=\"\" data-depicter-srcset=\"https:\/\/chaplintabacaria.com.br\/site\/wp-content\/uploads\/2018\/03\/unnamed-file.jpg 800w, https:\/\/chaplintabacaria.com.br\/site\/wp-content\/uploads\/2018\/03\/unnamed-file-300x300.jpg 300w, https:\/\/chaplintabacaria.com.br\/site\/wp-content\/uploads\/2018\/03\/unnamed-file-100x100.jpg 100w, https:\/\/chaplintabacaria.com.br\/site\/wp-content\/uploads\/2018\/03\/unnamed-file-600x600.jpg 600w, https:\/\/chaplintabacaria.com.br\/site\/wp-content\/uploads\/2018\/03\/unnamed-file-150x150.jpg 150w, https:\/\/chaplintabacaria.com.br\/site\/wp-content\/uploads\/2018\/03\/unnamed-file-768x768.jpg 768w\" data-object-fit=\"cover,,\" \/>\n\n\n<picture id=\"depicter-1-element-16\" class=\"depicter-element depicter-layer depicter-1-element-16\" data-type=\"image\" data-wrap=\"true\" data-name=\"Image 4\" data-offset=\"x:856px;y:92px;origin:tl\" data-width=\"294px,,\" data-height=\"183px,,\" data-responsive-scale=\"true,,\" data-crop=\"false\">\n<source data-depicter-srcset=\"https:\/\/chaplintabacaria.com.br\/site\/wp-content\/uploads\/2020\/09\/televendas2a-294x183.png, https:\/\/chaplintabacaria.com.br\/site\/wp-content\/uploads\/2020\/09\/televendas2a-588x366.png 2x\" srcset=\"data:image\/gif;base64,R0lGODlhAQABAIAAAAAAAP\/\/\/yH5BAEAAAAALAAAAAABAAEAAAIBRAA7\" \/>\n<img src=\"data:image\/gif;base64,R0lGODlhAQABAIAAAAAAAP\/\/\/yH5BAEAAAAALAAAAAABAAEAAAIBRAA7\" data-depicter-src=\"https:\/\/chaplintabacaria.com.br\/site\/wp-content\/uploads\/2020\/09\/televendas2a-294x183.png\" alt=\"\" \/>\n<\/picture><\/div>\n\n<div id=\"depicter-1-section-6\" class=\"depicter-section depicter-1-section-6\" data-name=\"Slide 2\">\n<img src=\"data:image\/gif;base64,R0lGODlhAQABAIAAAAAAAP\/\/\/yH5BAEAAAAALAAAAAABAAEAAAIBRAA7\" class=\"depicter-bg\" data-depicter-src=\"https:\/\/chaplintabacaria.com.br\/site\/wp-content\/uploads\/2018\/03\/e5cae4c41efda9350f824aee8a8b37082469c99d_slide-2.jpg\" alt=\"\" data-depicter-srcset=\"https:\/\/chaplintabacaria.com.br\/site\/wp-content\/uploads\/2018\/03\/e5cae4c41efda9350f824aee8a8b37082469c99d_slide-2.jpg 1920w, https:\/\/chaplintabacaria.com.br\/site\/wp-content\/uploads\/2018\/03\/e5cae4c41efda9350f824aee8a8b37082469c99d_slide-2-600x144.jpg 600w, https:\/\/chaplintabacaria.com.br\/site\/wp-content\/uploads\/2018\/03\/e5cae4c41efda9350f824aee8a8b37082469c99d_slide-2-300x72.jpg 300w, https:\/\/chaplintabacaria.com.br\/site\/wp-content\/uploads\/2018\/03\/e5cae4c41efda9350f824aee8a8b37082469c99d_slide-2-768x184.jpg 768w, https:\/\/chaplintabacaria.com.br\/site\/wp-content\/uploads\/2018\/03\/e5cae4c41efda9350f824aee8a8b37082469c99d_slide-2-1024x246.jpg 1024w\" \/>\n\n\n<picture id=\"depicter-1-element-15\" class=\"depicter-element depicter-layer depicter-1-element-15\" data-type=\"image\" data-wrap=\"true\" data-name=\"Image 3\" data-offset=\"x:856px;y:92px;origin:tl\" data-width=\"294px,,\" data-height=\"183px,,\" data-responsive-scale=\"true,,\" data-crop=\"false\">\n<source data-depicter-srcset=\"https:\/\/chaplintabacaria.com.br\/site\/wp-content\/uploads\/2020\/09\/televendas2a-294x183.png, https:\/\/chaplintabacaria.com.br\/site\/wp-content\/uploads\/2020\/09\/televendas2a-588x366.png 2x\" srcset=\"data:image\/gif;base64,R0lGODlhAQABAIAAAAAAAP\/\/\/yH5BAEAAAAALAAAAAABAAEAAAIBRAA7\" \/>\n<img src=\"data:image\/gif;base64,R0lGODlhAQABAIAAAAAAAP\/\/\/yH5BAEAAAAALAAAAAABAAEAAAIBRAA7\" data-depicter-src=\"https:\/\/chaplintabacaria.com.br\/site\/wp-content\/uploads\/2020\/09\/televendas2a-294x183.png\" alt=\"\" \/>\n<\/picture><\/div>\n\n<div id=\"depicter-1-section-7\" class=\"depicter-section depicter-1-section-7\" data-name=\"Slide 3\">\n<img src=\"data:image\/gif;base64,R0lGODlhAQABAIAAAAAAAP\/\/\/yH5BAEAAAAALAAAAAABAAEAAAIBRAA7\" class=\"depicter-bg\" data-depicter-src=\"https:\/\/chaplintabacaria.com.br\/site\/wp-content\/uploads\/2018\/03\/b26910c3c20859e4bdb638a9645e5b05bd981f0f_slide-3.jpg\" alt=\"\" data-depicter-srcset=\"https:\/\/chaplintabacaria.com.br\/site\/wp-content\/uploads\/2018\/03\/b26910c3c20859e4bdb638a9645e5b05bd981f0f_slide-3.jpg 1920w, https:\/\/chaplintabacaria.com.br\/site\/wp-content\/uploads\/2018\/03\/b26910c3c20859e4bdb638a9645e5b05bd981f0f_slide-3-600x144.jpg 600w, https:\/\/chaplintabacaria.com.br\/site\/wp-content\/uploads\/2018\/03\/b26910c3c20859e4bdb638a9645e5b05bd981f0f_slide-3-300x72.jpg 300w, https:\/\/chaplintabacaria.com.br\/site\/wp-content\/uploads\/2018\/03\/b26910c3c20859e4bdb638a9645e5b05bd981f0f_slide-3-768x184.jpg 768w, https:\/\/chaplintabacaria.com.br\/site\/wp-content\/uploads\/2018\/03\/b26910c3c20859e4bdb638a9645e5b05bd981f0f_slide-3-1024x246.jpg 1024w\" \/>\n\n\n<picture id=\"depicter-1-element-17\" class=\"depicter-element depicter-layer depicter-1-element-17\" data-type=\"image\" data-wrap=\"true\" data-name=\"Image 5\" data-offset=\"x:856px;y:92px;origin:tl\" data-width=\"294px,,\" data-height=\"183px,,\" data-responsive-scale=\"true,,\" data-crop=\"false\">\n<source data-depicter-srcset=\"https:\/\/chaplintabacaria.com.br\/site\/wp-content\/uploads\/2020\/09\/televendas2a-294x183.png, https:\/\/chaplintabacaria.com.br\/site\/wp-content\/uploads\/2020\/09\/televendas2a-588x366.png 2x\" srcset=\"data:image\/gif;base64,R0lGODlhAQABAIAAAAAAAP\/\/\/yH5BAEAAAAALAAAAAABAAEAAAIBRAA7\" \/>\n<img src=\"data:image\/gif;base64,R0lGODlhAQABAIAAAAAAAP\/\/\/yH5BAEAAAAALAAAAAABAAEAAAIBRAA7\" data-depicter-src=\"https:\/\/chaplintabacaria.com.br\/site\/wp-content\/uploads\/2020\/09\/televendas2a-294x183.png\" alt=\"\" \/>\n<\/picture><\/div>\n\n<div id=\"depicter-1-section-8\" class=\"depicter-section depicter-1-section-8\" data-name=\"Slide 4\">\n<img src=\"data:image\/gif;base64,R0lGODlhAQABAIAAAAAAAP\/\/\/yH5BAEAAAAALAAAAAABAAEAAAIBRAA7\" class=\"depicter-bg\" data-depicter-src=\"https:\/\/chaplintabacaria.com.br\/site\/wp-content\/uploads\/2018\/03\/banner5.jpg\" alt=\"\" data-depicter-srcset=\"https:\/\/chaplintabacaria.com.br\/site\/wp-content\/uploads\/2018\/03\/banner5.jpg 1920w, https:\/\/chaplintabacaria.com.br\/site\/wp-content\/uploads\/2018\/03\/banner5-600x144.jpg 600w, https:\/\/chaplintabacaria.com.br\/site\/wp-content\/uploads\/2018\/03\/banner5-300x72.jpg 300w, https:\/\/chaplintabacaria.com.br\/site\/wp-content\/uploads\/2018\/03\/banner5-768x184.jpg 768w\" \/>\n\n\n<picture id=\"depicter-1-element-18\" class=\"depicter-element depicter-layer depicter-1-element-18\" data-type=\"image\" data-wrap=\"true\" data-name=\"Image 6\" data-offset=\"x:856px;y:92px;origin:tl\" data-width=\"294px,,\" data-height=\"183px,,\" data-responsive-scale=\"true,,\" data-crop=\"false\">\n<source data-depicter-srcset=\"https:\/\/chaplintabacaria.com.br\/site\/wp-content\/uploads\/2020\/09\/televendas2a-294x183.png, https:\/\/chaplintabacaria.com.br\/site\/wp-content\/uploads\/2020\/09\/televendas2a-588x366.png 2x\" srcset=\"data:image\/gif;base64,R0lGODlhAQABAIAAAAAAAP\/\/\/yH5BAEAAAAALAAAAAABAAEAAAIBRAA7\" \/>\n<img src=\"data:image\/gif;base64,R0lGODlhAQABAIAAAAAAAP\/\/\/yH5BAEAAAAALAAAAAABAAEAAAIBRAA7\" data-depicter-src=\"https:\/\/chaplintabacaria.com.br\/site\/wp-content\/uploads\/2020\/09\/televendas2a-294x183.png\" alt=\"\" \/>\n<\/picture><\/div>\n\n<div id=\"depicter-1-section-9\" class=\"depicter-section depicter-1-section-9\" data-name=\"Slide 5\">\n<img src=\"data:image\/gif;base64,R0lGODlhAQABAIAAAAAAAP\/\/\/yH5BAEAAAAALAAAAAABAAEAAAIBRAA7\" class=\"depicter-bg\" data-depicter-src=\"https:\/\/chaplintabacaria.com.br\/site\/wp-content\/uploads\/2018\/03\/banner6.jpg\" alt=\"\" data-depicter-srcset=\"https:\/\/chaplintabacaria.com.br\/site\/wp-content\/uploads\/2018\/03\/banner6.jpg 1920w, https:\/\/chaplintabacaria.com.br\/site\/wp-content\/uploads\/2018\/03\/banner6-600x144.jpg 600w, https:\/\/chaplintabacaria.com.br\/site\/wp-content\/uploads\/2018\/03\/banner6-300x72.jpg 300w, https:\/\/chaplintabacaria.com.br\/site\/wp-content\/uploads\/2018\/03\/banner6-768x184.jpg 768w, https:\/\/chaplintabacaria.com.br\/site\/wp-content\/uploads\/2018\/03\/banner6-1024x246.jpg 1024w\" \/>\n\n\n<picture id=\"depicter-1-element-19\" class=\"depicter-element depicter-layer depicter-1-element-19\" data-type=\"image\" data-wrap=\"true\" data-name=\"Image 7\" data-offset=\"x:856px;y:92px;origin:tl\" data-width=\"294px,,\" data-height=\"183px,,\" data-responsive-scale=\"true,,\" data-crop=\"false\">\n<source data-depicter-srcset=\"https:\/\/chaplintabacaria.com.br\/site\/wp-content\/uploads\/2020\/09\/televendas2a-294x183.png, https:\/\/chaplintabacaria.com.br\/site\/wp-content\/uploads\/2020\/09\/televendas2a-588x366.png 2x\" srcset=\"data:image\/gif;base64,R0lGODlhAQABAIAAAAAAAP\/\/\/yH5BAEAAAAALAAAAAABAAEAAAIBRAA7\" \/>\n<img src=\"data:image\/gif;base64,R0lGODlhAQABAIAAAAAAAP\/\/\/yH5BAEAAAAALAAAAAABAAEAAAIBRAA7\" data-depicter-src=\"https:\/\/chaplintabacaria.com.br\/site\/wp-content\/uploads\/2020\/09\/televendas2a-294x183.png\" alt=\"\" \/>\n<\/picture><\/div>\n\n<div id=\"depicter-1-section-11\" class=\"depicter-section depicter-1-section-11\" data-name=\"Slide 6\">\n<img src=\"data:image\/gif;base64,R0lGODlhAQABAIAAAAAAAP\/\/\/yH5BAEAAAAALAAAAAABAAEAAAIBRAA7\" class=\"depicter-bg\" data-depicter-src=\"https:\/\/chaplintabacaria.com.br\/site\/wp-content\/uploads\/2018\/03\/ad5a060980ed4427154db68951cc724d4301a4c4_slide-1.jpg\" alt=\"\" data-depicter-srcset=\"https:\/\/chaplintabacaria.com.br\/site\/wp-content\/uploads\/2018\/03\/ad5a060980ed4427154db68951cc724d4301a4c4_slide-1.jpg 1920w, https:\/\/chaplintabacaria.com.br\/site\/wp-content\/uploads\/2018\/03\/ad5a060980ed4427154db68951cc724d4301a4c4_slide-1-600x144.jpg 600w, https:\/\/chaplintabacaria.com.br\/site\/wp-content\/uploads\/2018\/03\/ad5a060980ed4427154db68951cc724d4301a4c4_slide-1-300x72.jpg 300w, https:\/\/chaplintabacaria.com.br\/site\/wp-content\/uploads\/2018\/03\/ad5a060980ed4427154db68951cc724d4301a4c4_slide-1-768x184.jpg 768w, https:\/\/chaplintabacaria.com.br\/site\/wp-content\/uploads\/2018\/03\/ad5a060980ed4427154db68951cc724d4301a4c4_slide-1-1024x246.jpg 1024w\" \/>\n\n\n<picture id=\"depicter-1-element-20\" class=\"depicter-element depicter-layer depicter-1-element-20\" data-type=\"image\" data-wrap=\"true\" data-name=\"Image 8\" data-offset=\"x:856px;y:92px;origin:tl\" data-width=\"294px,,\" data-height=\"183px,,\" data-responsive-scale=\"true,,\" data-crop=\"false\">\n<source data-depicter-srcset=\"https:\/\/chaplintabacaria.com.br\/site\/wp-content\/uploads\/2020\/09\/televendas2a-294x183.png, https:\/\/chaplintabacaria.com.br\/site\/wp-content\/uploads\/2020\/09\/televendas2a-588x366.png 2x\" srcset=\"data:image\/gif;base64,R0lGODlhAQABAIAAAAAAAP\/\/\/yH5BAEAAAAALAAAAAABAAEAAAIBRAA7\" \/>\n<img src=\"data:image\/gif;base64,R0lGODlhAQABAIAAAAAAAP\/\/\/yH5BAEAAAAALAAAAAABAAEAAAIBRAA7\" data-depicter-src=\"https:\/\/chaplintabacaria.com.br\/site\/wp-content\/uploads\/2020\/09\/televendas2a-294x183.png\" alt=\"\" \/>\n<\/picture><\/div>\n\n<div id=\"depicter-1-section-12\" class=\"depicter-section depicter-1-section-12\" data-name=\"Slide 7\">\n<img src=\"data:image\/gif;base64,R0lGODlhAQABAIAAAAAAAP\/\/\/yH5BAEAAAAALAAAAAABAAEAAAIBRAA7\" class=\"depicter-bg\" data-depicter-src=\"https:\/\/chaplintabacaria.com.br\/site\/wp-content\/uploads\/2018\/03\/banner6.jpg\" alt=\"\" data-depicter-srcset=\"https:\/\/chaplintabacaria.com.br\/site\/wp-content\/uploads\/2018\/03\/banner6.jpg 1920w, https:\/\/chaplintabacaria.com.br\/site\/wp-content\/uploads\/2018\/03\/banner6-600x144.jpg 600w, https:\/\/chaplintabacaria.com.br\/site\/wp-content\/uploads\/2018\/03\/banner6-300x72.jpg 300w, https:\/\/chaplintabacaria.com.br\/site\/wp-content\/uploads\/2018\/03\/banner6-768x184.jpg 768w, https:\/\/chaplintabacaria.com.br\/site\/wp-content\/uploads\/2018\/03\/banner6-1024x246.jpg 1024w\" \/>\n\n\n<picture id=\"depicter-1-element-21\" class=\"depicter-element depicter-layer depicter-1-element-21\" data-type=\"image\" data-wrap=\"true\" data-name=\"Image 9\" data-offset=\"x:856px;y:92px;origin:tl\" data-width=\"294px,,\" data-height=\"183px,,\" data-responsive-scale=\"true,,\" data-crop=\"false\">\n<source data-depicter-srcset=\"https:\/\/chaplintabacaria.com.br\/site\/wp-content\/uploads\/2020\/09\/televendas2a-294x183.png, https:\/\/chaplintabacaria.com.br\/site\/wp-content\/uploads\/2020\/09\/televendas2a-588x366.png 2x\" srcset=\"data:image\/gif;base64,R0lGODlhAQABAIAAAAAAAP\/\/\/yH5BAEAAAAALAAAAAABAAEAAAIBRAA7\" \/>\n<img src=\"data:image\/gif;base64,R0lGODlhAQABAIAAAAAAAP\/\/\/yH5BAEAAAAALAAAAAABAAEAAAIBRAA7\" data-depicter-src=\"https:\/\/chaplintabacaria.com.br\/site\/wp-content\/uploads\/2020\/09\/televendas2a-294x183.png\" alt=\"\" \/>\n<\/picture><\/div>\n<\/div>\n<script>\n(window.depicterSetups = window.depicterSetups || []).push(function(){\n\tvar slider = Depicter.setup('.depicter-1',\n\t\t{\"width\":[\"1280\",\"1024\",\"360\"],\"height\":[\"300\",\"700\",\"740\"],\"keepAspectRatio\":true,\"preload\":0,\"layout\":\"fullwidth\",\"rtl\":false,\"view\":\"basic\",\"mouseSwipe\":true,\"touchSwipe\":true}\n\t);\n});\n<\/script>\n<h2>Bem vindo!<\/h2>\n<p>A Chaplin foi inaugurada em 2001 com o intuito de atender aos apreciadores de produtos e acess\u00f3rios de Tabacaria e ao p\u00fablico em geral que procura presentes variados, diferenciados e de qualidade.<\/p>\n<p>Buscamos a satisfa\u00e7\u00e3o do nosso cliente atrav\u00e9s da excel\u00eancia no atendimento, servindo com respeito e aten\u00e7\u00e3o objetivando ter em cada cliente um amigo.<\/p>\n\t<h1>VENDAS PELA INTERNET<\/h1>\n<p><strong>Acesse\u00a0<a href=\"http:\/\/www.tabacariaepresentes.com.br\/\" target=\"_blank\" rel=\"noopener noreferrer\">www.tabacariaepresentes.com.br<\/a><\/strong><\/p>\n\t<p>Endere\u00e7o:<\/p>\n<p>Rua Serra de Japi 1177 &#8211; Sala 1 &#8211;\u00a0Vila Gomes Cardim\u00a0 CEP 03309-001\u00a0S\u00e3o Paulo &#8211; SP<\/p>\n<p><strong>Telefone: 11 2645-6545<\/strong><\/p>\n<p><strong>Televendas 11 94075-5564 (Whatsapp)<\/strong><\/p>\n\n","protected":false},"excerpt":{"rendered":"<p>Bem vindo! A Chaplin foi inaugurada em 2001 com o intuito de atender aos apreciadores de produtos e acess\u00f3rios de Tabacaria e ao p\u00fablico em geral que procura presentes variados, diferenciados e de qualidade. Buscamos a satisfa\u00e7\u00e3o do nosso cliente atrav\u00e9s da excel\u00eancia no atendimento, servindo com respeito e aten\u00e7\u00e3o objetivando ter em cada cliente&hellip;&nbsp;<a href=\"https:\/\/chaplintabacaria.com.br\/site\/\" class=\"\" rel=\"bookmark\">Continue a ler &raquo;<span class=\"screen-reader-text\">In\u00edcio<\/span><\/a><\/p>\n","protected":false},"author":1,"featured_media":0,"parent":0,"menu_order":0,"comment_status":"closed","ping_status":"closed","template":"","meta":{"neve_meta_sidebar":"","neve_meta_container":"","neve_meta_enable_content_width":"","neve_meta_content_width":0,"neve_meta_title_alignment":"","neve_meta_author_avatar":"","neve_post_elements_order":"","neve_meta_disable_header":"","neve_meta_disable_footer":"","neve_meta_disable_title":""},"_links":{"self":[{"href":"https:\/\/chaplintabacaria.com.br\/site\/wp-json\/wp\/v2\/pages\/30"}],"collection":[{"href":"https:\/\/chaplintabacaria.com.br\/site\/wp-json\/wp\/v2\/pages"}],"about":[{"href":"https:\/\/chaplintabacaria.com.br\/site\/wp-json\/wp\/v2\/types\/page"}],"author":[{"embeddable":true,"href":"https:\/\/chaplintabacaria.com.br\/site\/wp-json\/wp\/v2\/users\/1"}],"replies":[{"embeddable":true,"href":"https:\/\/chaplintabacaria.com.br\/site\/wp-json\/wp\/v2\/comments?post=30"}],"version-history":[{"count":16,"href":"https:\/\/chaplintabacaria.com.br\/site\/wp-json\/wp\/v2\/pages\/30\/revisions"}],"predecessor-version":[{"id":875,"href":"https:\/\/chaplintabacaria.com.br\/site\/wp-json\/wp\/v2\/pages\/30\/revisions\/875"}],"wp:attachment":[{"href":"https:\/\/chaplintabacaria.com.br\/site\/wp-json\/wp\/v2\/media?parent=30"}],"curies":[{"name":"wp","href":"https:\/\/api.w.org\/{rel}","templated":true}]}}