{"id":16,"date":"2018-03-26T16:39:22","date_gmt":"2018-03-26T19:39:22","guid":{"rendered":"https:\/\/a3host.com.br\/teste\/?page_id=16"},"modified":"2023-06-09T18:09:40","modified_gmt":"2023-06-09T21:09:40","slug":"quem-somos","status":"publish","type":"page","link":"https:\/\/chaplintabacaria.com.br\/site\/quem-somos\/","title":{"rendered":"Quem Somos"},"content":{"rendered":"\n\n\t<p>A Chaplin foi inaugurada em 2001 com o intuito de atender aos apreciadores de produtos e acess\u00f3rios de Tabacaria e ao p\u00fablico em geral que procura presentes variados, diferenciados e de qualidade.<\/p>\n<p>Buscamos a satisfa\u00e7\u00e3o do nosso cliente atrav\u00e9s da excel\u00eancia no atendimento, servindo com respeito e aten\u00e7\u00e3o objetivando ter em cada cliente um amigo.<\/p>\n<table border=\"0\" align=\"center\">\n<tbody>\n<tr>\n<td>\n\u00a0<img decoding=\"async\" loading=\"lazy\" src=\"https:\/\/chaplintabacaria.com.br\/site\/wp-content\/uploads\/2018\/04\/img_6790-300x225.jpg\" alt=\"\" width=\"300\" height=\"225\" \/>\n<p>Endere\u00e7o: Rua Serra de Japi 1177 &#8211; Sala 1 &#8211;\u00a0Vila Gomes Cardim\u00a0 CEP 03309-001\u00a0S\u00e3o Paulo &#8211; SP<\/p>\n<p><strong>Telefone: 11 2645-6545<\/strong><\/p>\n<\/td>\n<\/tr>\n<\/tbody>\n<\/table>\n<p><strong>Vendas pela internet<\/strong>: <a href=\"http:\/\/www.tabacariaepresentes.com.br\" target=\"_blank\" rel=\"noopener noreferrer\">www.tabacariaepresentes.com.br<\/a><\/p>\n<p><strong>Televendas:<\/strong> 11 94075-5564 (Whatsapp)<\/p>\n\n","protected":false},"excerpt":{"rendered":"<p>A Chaplin foi inaugurada em 2001 com o intuito de atender aos apreciadores de produtos e acess\u00f3rios de Tabacaria e ao p\u00fablico em geral que procura presentes variados, diferenciados e de qualidade. Buscamos a satisfa\u00e7\u00e3o do nosso cliente atrav\u00e9s da excel\u00eancia no atendimento, servindo com respeito e aten\u00e7\u00e3o objetivando ter em cada cliente um amigo.&hellip;&nbsp;<a href=\"https:\/\/chaplintabacaria.com.br\/site\/quem-somos\/\" class=\"\" rel=\"bookmark\">Continue a ler &raquo;<span class=\"screen-reader-text\">Quem Somos<\/span><\/a><\/p>\n","protected":false},"author":1,"featured_media":0,"parent":0,"menu_order":0,"comment_status":"closed","ping_status":"closed","template":"","meta":{"neve_meta_sidebar":"","neve_meta_container":"","neve_meta_enable_content_width":"","neve_meta_content_width":0,"neve_meta_title_alignment":"","neve_meta_author_avatar":"","neve_post_elements_order":"","neve_meta_disable_header":"","neve_meta_disable_footer":"","neve_meta_disable_title":""},"_links":{"self":[{"href":"https:\/\/chaplintabacaria.com.br\/site\/wp-json\/wp\/v2\/pages\/16"}],"collection":[{"href":"https:\/\/chaplintabacaria.com.br\/site\/wp-json\/wp\/v2\/pages"}],"about":[{"href":"https:\/\/chaplintabacaria.com.br\/site\/wp-json\/wp\/v2\/types\/page"}],"author":[{"embeddable":true,"href":"https:\/\/chaplintabacaria.com.br\/site\/wp-json\/wp\/v2\/users\/1"}],"replies":[{"embeddable":true,"href":"https:\/\/chaplintabacaria.com.br\/site\/wp-json\/wp\/v2\/comments?post=16"}],"version-history":[{"count":6,"href":"https:\/\/chaplintabacaria.com.br\/site\/wp-json\/wp\/v2\/pages\/16\/revisions"}],"predecessor-version":[{"id":876,"href":"https:\/\/chaplintabacaria.com.br\/site\/wp-json\/wp\/v2\/pages\/16\/revisions\/876"}],"wp:attachment":[{"href":"https:\/\/chaplintabacaria.com.br\/site\/wp-json\/wp\/v2\/media?parent=16"}],"curies":[{"name":"wp","href":"https:\/\/api.w.org\/{rel}","templated":true}]}}