{"id":14,"date":"2018-03-26T16:38:37","date_gmt":"2018-03-26T19:38:37","guid":{"rendered":"https:\/\/a3host.com.br\/teste\/?page_id=14"},"modified":"2023-06-10T18:38:34","modified_gmt":"2023-06-10T21:38:34","slug":"victorinox","status":"publish","type":"page","link":"https:\/\/chaplintabacaria.com.br\/site\/victorinox\/","title":{"rendered":"Victorinox"},"content":{"rendered":"<p><img decoding=\"async\" loading=\"lazy\" class=\"aligncenter size-large wp-image-69\" src=\"https:\/\/a3host.com.br\/teste\/wp-content\/uploads\/2018\/03\/bannervictorinox.jpg.opt1260x399o00s1260x399-1024x324.jpg\" alt=\"\" width=\"1024\" height=\"324\" srcset=\"https:\/\/chaplintabacaria.com.br\/site\/wp-content\/uploads\/2018\/03\/bannervictorinox.jpg.opt1260x399o00s1260x399-1024x324.jpg 1024w, https:\/\/chaplintabacaria.com.br\/site\/wp-content\/uploads\/2018\/03\/bannervictorinox.jpg.opt1260x399o00s1260x399-600x190.jpg 600w, https:\/\/chaplintabacaria.com.br\/site\/wp-content\/uploads\/2018\/03\/bannervictorinox.jpg.opt1260x399o00s1260x399-300x95.jpg 300w, https:\/\/chaplintabacaria.com.br\/site\/wp-content\/uploads\/2018\/03\/bannervictorinox.jpg.opt1260x399o00s1260x399-768x243.jpg 768w, https:\/\/chaplintabacaria.com.br\/site\/wp-content\/uploads\/2018\/03\/bannervictorinox.jpg.opt1260x399o00s1260x399.jpg 1260w\" sizes=\"(max-width: 1024px) 100vw, 1024px\" \/>Karl Elsener foi o fundador da Victorinox. Ele tomou a iniciativa de organizar a Associa\u00e7\u00e3o de Cuteleiros Su\u00ed\u00e7os com o intuito de produzir canivetes para o ex\u00e9rcito su\u00ed\u00e7o, por\u00e9m firmas alem\u00e3s conseguiam produzir canivetes mais baratos. Mesmo perdendo sua fortuna, Elsener perseverou, focalizando suas energias na produ\u00e7\u00e3o de outros canivetes multi-fun\u00e7\u00f5es.<\/p>\n<h2>Algumas curiosidades sobre Victorinox<\/h2>\n<ul>\n<li>Em 1909, Elsener conseguiu distinguir definitivamente seu produto das imita\u00e7\u00f5es, pois o governo su\u00ed\u00e7o lhe permitiu utilizar a cruz su\u00edssa em seus canivetes;<\/li>\n<li>Ap\u00f3s a morte de sua m\u00e3e no mesmo ano, Elsener decidiu utilizar seu nome de batismo VICTORIA;<\/li>\n<li>Em 1918, Karl Elsener faleceu, deixando a f\u00e1brica sob o controle dos filhos;<\/li>\n<li>Ap\u00f3s a cria\u00e7\u00e3o do a\u00e7o inox em 1921 e sua consequente utiliza\u00e7\u00e3o na fabrica\u00e7\u00e3o de canivetes, a palavra INOX acabou sendo adicionada \u00e0 marca VICTORIA, surgindo a marca atual VICTORINOX;<\/li>\n<li>A Ag\u00eancia Espacial Americana (NASA) tem o canivete Victorinox como equipamento padr\u00e3o em todos os \u00f4nibus do programa espacial \u201cColumbia\u201d;<\/li>\n<li>Hoje a VICTORINOX tem mais de 950 empregados.<\/li>\n<\/ul>\n","protected":false},"excerpt":{"rendered":"<p>Karl Elsener foi o fundador da Victorinox. Ele tomou a iniciativa de organizar a Associa\u00e7\u00e3o de Cuteleiros Su\u00ed\u00e7os com o intuito de produzir canivetes para o ex\u00e9rcito su\u00ed\u00e7o, por\u00e9m firmas alem\u00e3s conseguiam produzir canivetes mais baratos. Mesmo perdendo sua fortuna, Elsener perseverou, focalizando suas energias na produ\u00e7\u00e3o de outros canivetes multi-fun\u00e7\u00f5es. Algumas curiosidades sobre Victorinox&hellip;&nbsp;<a href=\"https:\/\/chaplintabacaria.com.br\/site\/victorinox\/\" class=\"\" rel=\"bookmark\">Continue a ler &raquo;<span class=\"screen-reader-text\">Victorinox<\/span><\/a><\/p>\n","protected":false},"author":1,"featured_media":0,"parent":0,"menu_order":0,"comment_status":"closed","ping_status":"closed","template":"","meta":{"neve_meta_sidebar":"","neve_meta_container":"","neve_meta_enable_content_width":"off","neve_meta_content_width":100,"neve_meta_title_alignment":"","neve_meta_author_avatar":"","neve_post_elements_order":"","neve_meta_disable_header":"","neve_meta_disable_footer":"","neve_meta_disable_title":""},"_links":{"self":[{"href":"https:\/\/chaplintabacaria.com.br\/site\/wp-json\/wp\/v2\/pages\/14"}],"collection":[{"href":"https:\/\/chaplintabacaria.com.br\/site\/wp-json\/wp\/v2\/pages"}],"about":[{"href":"https:\/\/chaplintabacaria.com.br\/site\/wp-json\/wp\/v2\/types\/page"}],"author":[{"embeddable":true,"href":"https:\/\/chaplintabacaria.com.br\/site\/wp-json\/wp\/v2\/users\/1"}],"replies":[{"embeddable":true,"href":"https:\/\/chaplintabacaria.com.br\/site\/wp-json\/wp\/v2\/comments?post=14"}],"version-history":[{"count":1,"href":"https:\/\/chaplintabacaria.com.br\/site\/wp-json\/wp\/v2\/pages\/14\/revisions"}],"predecessor-version":[{"id":886,"href":"https:\/\/chaplintabacaria.com.br\/site\/wp-json\/wp\/v2\/pages\/14\/revisions\/886"}],"wp:attachment":[{"href":"https:\/\/chaplintabacaria.com.br\/site\/wp-json\/wp\/v2\/media?parent=14"}],"curies":[{"name":"wp","href":"https:\/\/api.w.org\/{rel}","templated":true}]}}